eds digit of 27570?
5
What is the hundreds digit of 1786?
7
What is the units digit of 22147?
7
What is the tens digit of 1400?
0
What is the tens digit of 22071?
7
What is the thousands digit of 1472?
1
What is the tens digit of 12734?
3
What is the hundreds digit of 16445?
4
What is the units digit of 1246?
6
What is the hundreds digit of 134?
1
What is the hundreds digit of 25155?
1
What is the units digit of 47278?
8
What is the tens digit of 6982?
8
What is the tens digit of 2745?
4
What is the hundreds digit of 2366?
3
What is the units digit of 9799?
9
What is the thousands digit of 7327?
7
What is the tens digit of 507?
0
What is the units digit of 338?
8
What is the units digit of 79362?
2
What is the hundreds digit of 38900?
9
What is the hundreds digit of 541?
5
What is the units digit of 1016?
6
What is the hundreds digit of 6914?
9
What is the units digit of 24095?
5
What is the units digit of 14304?
4
What is the hundreds digit of 3381?
3
What is the thousands digit of 16110?
6
What is the ten thousands digit of 13213?
1
What is the hundreds digit of 2864?
8
What is the ten thousands digit of 50884?
5
What is the tens digit of 456?
5
What is the units digit of 44?
4
What is the ten thousands digit of 47147?
4
What is the units digit of 879?
9
What is the hundreds digit of 8280?
2
What is the ten thousands digit of 16006?
1
What is the thousands digit of 41026?
1
What is the units digit of 3927?
7
What is the thousands digit of 2161?
2
What is the units digit of 47284?
4
What is the units digit of 1126?
6
What is the units digit of 72303?
3
What is the thousands digit of 3350?
3
What is the units digit of 2411?
1
What is the thousands digit of 4168?
4
What is the hundreds digit of 377?
3
What is the ten thousands digit of 29122?
2
What is the thousands digit of 13511?
3
What is the thousands digit of 1924?
1
What is the thousands digit of 12240?
2
What is the tens digit of 26444?
4
What is the hundreds digit of 229?
2
What is the hundred thousands digit of 144845?
1
What is the hundreds digit of 4468?
4
What is the thousands digit of 2613?
2
What is the units digit of 520?
0
What is the ten thousands digit of 140869?
4
What is the tens digit of 472?
7
What is the thousands digit of 23090?
3
What is the tens digit of 1327?
2
What is the hundreds digit of 42914?
9
What is the units digit of 3866?
6
What is the thousands digit of 46187?
6
What is the thousands digit of 43128?
3
What is the ten thousands digit of 20459?
2
What is the units digit of 2649?
9
What is the tens digit of 7720?
2
What is the tens digit of 142592?
9
What is the hundreds digit of 47394?
3
What is the tens digit of 25941?
4
What is the tens digit of 33801?
0
What is the thousands digit of 32802?
2
What is the tens digit of 295?
9
What is the units digit of 1248?
8
What is the ten thousands digit of 47203?
4
What is the tens digit of 3205?
0
What is the hundreds digit of 69521?
5
What is the tens digit of 541?
4
What is the thousands digit of 1991?
1
What is the units digit of 863?
3
What is the tens digit of 5849?
4
What is the tens digit of 295?
9
What is the tens digit of 4439?
3
What is the tens digit of 106901?
0
What is the hundreds digit of 626?
6
What is the units digit of 1043?
3
What is the units digit of 1383?
3
What is the hundreds digit of 6186?
1
What is the units digit of 10100?
0
What is the thousands digit of 6166?
6
What is the tens digit of 44181?
8
What is the hundreds digit of 54948?
9
What is the tens digit of 4226?
2
What is the ten thousands digit of 48585?
4
What is the units digit of 9264?
4
What is the ten thousands digit of 34151?
3
What is the thousands digit of 4043?
4
What is the tens digit of 1556?
5
What is the thousands digit of 3958?
3
What is the tens digit of 675?
7
What is the units digit of 13628?
8
What is the thousands digit of 1951?
1
What is the units digit of 920?
0
What is the thousands digit of 17505?
7
What is the tens digit of 21729?
2
What is the thousands digit of 3890?
3
What is the thousands digit of 1765?
1
What is the ten thousands digit of 87009?
8
What is the hundreds digit of 8393?
3
What is the tens digit of 20038?
3
What is the thousands digit of 4336?
4
What is the units digit of 893?
3
What is the units digit of 1762?
2
What is the tens digit of 4706?
0
What is the units digit of 15469?
9
What is the thousands digit of 1213?
1
What is the ten thousands digit of 36748?
3
What is the units digit of 6804?
4
What is the tens digit of 6056?
5
What is the ten thousands digit of 10084?
1
What is the units digit of 1062?
2
What is the units digit of 2511?
1
What is the units digit of 15713?
3
What is the thousands digit of 25249?
5
What is the units digit of 17453?
3
What is the thousands digit of 12308?
2
What is the ten thousands digit of 186709?
8
What is the ten thousands digit of 37607?
3
What is the ten thousands digit of 115935?
1
What is the hundreds digit of 598?
5
What is the hundreds digit of 36373?
3
What is the units digit of 3417?
7
What is the tens digit of 8272?
7
What is the hundreds digit of 1804?
8
What is the tens digit of 721?
2
What is the thousands digit of 1569?
1
What is the units digit of 6613?
3
What is the hundreds digit of 13756?
7
What is the units digit of 5621?
1
What is the units digit of 9197?
7
What is the units digit of 14697?
7
What is the ten thousands digit of 58893?
5
What is the hundreds digit of 466?
4
What is the hundreds digit of 7646?
6
What is the hundreds digit of 44380?
3
What is the hundreds digit of 2173?
1
What is the tens digit of 8715?
1
What is the units digit of 1236?
6
What is the tens digit of 1892?
9
What is the thousands digit of 7634?
7
What is the tens digit of 34530?
3
What is the ten thousands digit of 123876?
2
What is the ten thousands digit of 117670?
1
What is the thousands digit of 3505?
3
What is the ten thousands digit of 55044?
5
What is the hundreds digit of 4488?
4
What is the units digit of 1941?
1
What is the thousands digit of 5329?
5
What is the tens digit of 946?
4
What is the thousands digit of 32372?
2
What is the thousands digit of 1309?
1
What is the tens digit of 925?
2
What is the hundreds digit of 2911?
9
What is the tens digit of 84503?
0
What is the thousands digit of 5350?
5
What is the hundreds digit of 50518?
5
What is the tens digit of 10904?
0
What is the units digit of 986?
6
What is the hundreds digit of 71675?
6
What is the tens digit of 838?
3
What is the hundreds digit of 32499?
4
What is the units digit of 397?
7
What is the hundreds digit of 437?
4
What is the tens digit of 92212?
1
What is the hundreds digit of 2987?
9
What is the thousands digit of 2931?
2
What is the thousands digit of 43263?
3
What is the thousands digit of 43780?
3
What is the units digit of 1468?
8
What is the tens digit of 31251?
5
What is the units digit of 4858?
8
What is the hundreds digit of 265?
2
What is the thousands digit of 39050?
9
What is the units digit of 249?
9
What is the hundreds digit of 85401?
4
What is the hundreds digit of 804?
8
What is the tens digit of 1344?
4
What is the thousands digit of 4774?
4
What is the thousands digit of 53577?
3
What is the hundreds digit of 3414?
4
What is the hundreds digit of 84730?
7
What is the tens digit of 10062?
6
What is the hundreds digit of 16820?
8
What is the hundreds digit of 26761?
7
What is the ten thousands digit of 15548?
1
What is the tens digit of 1608?
0
What is the hundreds digit of 54892?
8
What is the thousands digit of 1182?
1
What is the tens digit of 9359?
5
What is the tens digit of 4238?
3
What is the units digit of 555?
5
What is the hundreds digit of 23435?
4
What is the thousands digit of 14269?
4
What is the hundreds digit of 1282?
2
What is the thousands digit of 55575?
5
What is the tens digit of 7468?
6
What is the thousands digit of 15337?
5
What is the units digit of 5107?
7
What is the hundreds digit of 116388?
3
What is the units digit of 3515?
5
What is the tens digit of 8780?
8
What is the tens digit of 30226?
2
What is the hundreds digit of 220?
2
What is the hundreds digit of 73587?
5
What is the tens digit of 756?
5
What is the thousands digit of 3740?
3
What is the tens digit of 13879?
7
What is the hundreds digit of 66399?
3
What is the hun